{"id":492,"date":"2018-09-09T16:16:16","date_gmt":"2018-09-09T14:16:16","guid":{"rendered":"http:\/\/vosges-planeurs.net\/?page_id=492"},"modified":"2026-01-11T11:22:25","modified_gmt":"2026-01-11T10:22:25","slug":"nos-installations","status":"publish","type":"page","link":"https:\/\/vosges-planeurs.net\/?page_id=492","title":{"rendered":"Nos installations"},"content":{"rendered":"<p>Le club met \u00e0 disposition diff\u00e9rentes installations :<\/p>\n<p><strong>Salle de r\u00e9union<\/strong><\/p>\n<p><strong>Salle simulateur<\/strong><\/p>\n<p><strong>Cuisine<\/strong><\/p>\n<p><strong>Hangar planeur<br \/><br \/>Un atelier de maintenance<\/strong><\/p>\n\n\n<p><\/p>\n","protected":false},"excerpt":{"rendered":"<p>Le club met \u00e0 disposition diff\u00e9rentes installations : Salle de r\u00e9union Salle simulateur Cuisine Hangar planeur Un atelier de maintenance<\/p>\n","protected":false},"author":2,"featured_media":0,"parent":0,"menu_order":0,"comment_status":"closed","ping_status":"closed","template":"","meta":{"spay_email":""},"_links":{"self":[{"href":"https:\/\/vosges-planeurs.net\/index.php?rest_route=\/wp\/v2\/pages\/492"}],"collection":[{"href":"https:\/\/vosges-planeurs.net\/index.php?rest_route=\/wp\/v2\/pages"}],"about":[{"href":"https:\/\/vosges-planeurs.net\/index.php?rest_route=\/wp\/v2\/types\/page"}],"author":[{"embeddable":true,"href":"https:\/\/vosges-planeurs.net\/index.php?rest_route=\/wp\/v2\/users\/2"}],"replies":[{"embeddable":true,"href":"https:\/\/vosges-planeurs.net\/index.php?rest_route=%2Fwp%2Fv2%2Fcomments&post=492"}],"version-history":[{"count":3,"href":"https:\/\/vosges-planeurs.net\/index.php?rest_route=\/wp\/v2\/pages\/492\/revisions"}],"predecessor-version":[{"id":6255,"href":"https:\/\/vosges-planeurs.net\/index.php?rest_route=\/wp\/v2\/pages\/492\/revisions\/6255"}],"wp:attachment":[{"href":"https:\/\/vosges-planeurs.net\/index.php?rest_route=%2Fwp%2Fv2%2Fmedia&parent=492"}],"curies":[{"name":"wp","href":"https:\/\/api.w.org\/{rel}","templated":true}]}}